{"id":61,"date":"2025-12-26T14:43:15","date_gmt":"2025-12-26T14:43:15","guid":{"rendered":"https:\/\/bame.innovity.lu\/?page_id=61"},"modified":"2025-12-26T14:44:03","modified_gmt":"2025-12-26T14:44:03","slug":"directeur-musical","status":"publish","type":"page","link":"https:\/\/bame.innovity.lu\/?page_id=61","title":{"rendered":"Directeur Musical"},"content":{"rendered":"<p>[et_pb_section fb_built=\u00a0\u00bb1&Prime; _builder_version=\u00a0\u00bb4.27.5&Prime; _module_preset=\u00a0\u00bbdefault\u00a0\u00bb background_image=\u00a0\u00bbhttps:\/\/bame.innovity.lu\/wp-content\/uploads\/2025\/12\/header_BAME.png\u00a0\u00bb min_height=\u00a0\u00bb285.8px\u00a0\u00bb custom_padding=\u00a0\u00bb||0px|||\u00a0\u00bb global_colors_info=\u00a0\u00bb{}\u00a0\u00bb theme_builder_area=\u00a0\u00bbpost_content\u00a0\u00bb][et_pb_row _builder_version=\u00a0\u00bb4.27.3&Prime; _module_preset=\u00a0\u00bbdefault\u00a0\u00bb global_colors_info=\u00a0\u00bb{}\u00a0\u00bb theme_builder_area=\u00a0\u00bbpost_content\u00a0\u00bb][et_pb_column type=\u00a0\u00bb4_4&Prime; _builder_version=\u00a0\u00bb4.27.3&Prime; _module_preset=\u00a0\u00bbdefault\u00a0\u00bb global_colors_info=\u00a0\u00bb{}\u00a0\u00bb theme_builder_area=\u00a0\u00bbpost_content\u00a0\u00bb][et_pb_text _builder_version=\u00a0\u00bb4.27.5&Prime; _module_preset=\u00a0\u00bbdefault\u00a0\u00bb global_colors_info=\u00a0\u00bb{}\u00a0\u00bb theme_builder_area=\u00a0\u00bbpost_content\u00a0\u00bb]<\/p>\n<p style=\"text-align: center; color: #ffffff; font-size: clamp(3rem, 10vw, 8rem); line-height: 1; margin: 0; font-family: 'Great Vibes', cursive;\">Directeur musical<\/p>\n<p>[\/et_pb_text][\/et_pb_column][\/et_pb_row][\/et_pb_section][et_pb_section fb_built=\u00a0\u00bb1&Prime; theme_builder_area=\u00a0\u00bbpost_content\u00a0\u00bb _builder_version=\u00a0\u00bb4.27.5&Prime; _module_preset=\u00a0\u00bbdefault\u00a0\u00bb][et_pb_row _builder_version=\u00a0\u00bb4.27.5&Prime; _module_preset=\u00a0\u00bbdefault\u00a0\u00bb column_structure=\u00a0\u00bb2_5,3_5&Prime; theme_builder_area=\u00a0\u00bbpost_content\u00a0\u00bb custom_margin=\u00a0\u00bb-52px|auto||auto||\u00a0\u00bb][et_pb_column _builder_version=\u00a0\u00bb4.27.5&Prime; _module_preset=\u00a0\u00bbdefault\u00a0\u00bb type=\u00a0\u00bb2_5&Prime; theme_builder_area=\u00a0\u00bbpost_content\u00a0\u00bb][et_pb_image src=\u00a0\u00bbhttps:\/\/bame.innovity.lu\/wp-content\/uploads\/2025\/12\/369042815_1084447035860375_468810209512051264_n.jpg\u00a0\u00bb _builder_version=\u00a0\u00bb4.27.5&Prime; _module_preset=\u00a0\u00bbdefault\u00a0\u00bb theme_builder_area=\u00a0\u00bbpost_content\u00a0\u00bb title_text=\u00a0\u00bb369042815_1084447035860375_468810209512051264_n\u00a0\u00bb hover_enabled=\u00a0\u00bb0&Prime; sticky_enabled=\u00a0\u00bb0&Prime;][\/et_pb_image][\/et_pb_column][et_pb_column _builder_version=\u00a0\u00bb4.27.5&Prime; _module_preset=\u00a0\u00bbdefault\u00a0\u00bb type=\u00a0\u00bb3_5&Prime; theme_builder_area=\u00a0\u00bbpost_content\u00a0\u00bb][et_pb_text _builder_version=\u00a0\u00bb4.27.5&Prime; _module_preset=\u00a0\u00bbdefault\u00a0\u00bb theme_builder_area=\u00a0\u00bbpost_content\u00a0\u00bb hover_enabled=\u00a0\u00bb0&Prime; sticky_enabled=\u00a0\u00bb0&Prime;]<\/p>\n<p>Luigi Ascani, chef d\u2019orchestre luxembourgeois, est n\u00e9 en 1961 \u00e0 Esch, dans une famille o\u00f9 la musique \u00e9tait une seconde nature. Son p\u00e8re, un chanteur d\u2019op\u00e9ra r\u00e9put\u00e9, et sa m\u00e8re, une mandoliniste talentueuse, ont inculqu\u00e9 \u00e0 Luigi un amour profond pour la musique d\u00e8s son plus jeune \u00e2ge. Sa formation musicale s\u2019est d\u00e9roul\u00e9e au prestigieux Conservatoire d\u2019Esch, o\u00f9 il a acquis une ma\u00eetrise technique et artistique exceptionnelle.<\/p>\n<p>D\u00e8s l\u2019enfance, Luigi a d\u00e9but\u00e9 sa carri\u00e8re musicale avec son fr\u00e8re jumeau en jouant du Cor, un instrument \u00e0 vent, avant de se tourner vers la trompette. Sa participation de plus de quarante ans dans l\u2018Harmonie Municipale d\u2019Esch-sur-Alzette, sous la direction exp\u00e9riment\u00e9e de Georges Wagner, t\u00e9moigne de son engagement et de son \u00e9volution en tant que musicien. Au fil des ann\u00e9es, il a diversifi\u00e9 son r\u00e9pertoire en apprenant \u00e0 jouer du bugle et du saxophone, d\u00e9montrant ainsi sa polyvalence et son d\u00e9vouement envers la musique.<\/p>\n<p>Luigi a d\u00e9but\u00e9 sa carri\u00e8re avec l\u2019orchestre \u201eOvation\u201c en 1977, se produisant \u00e0 la Mission italienne d\u2019Esch. Dans les ann\u00e9es 1980, il a brill\u00e9 avec le groupe de reprises \u201eMilestones\u201c, animant de nombreux bals. Aujourd\u2019hui, il continue d\u2019enrichir la sc\u00e8ne musicale en jouant avec le groupe de danse BIM (\u201eBrigade d\u2019Intervention mobile\u201c).<\/p>\n<p>Son influence s\u2019\u00e9tend au-del\u00e0 de ses performances, avec une implication remarquable dans diverses associations musicales telles que Bankers Spuerkees, Troatterbattien, et un engagement de 20 ans dans la Fanfare B\u00e9iwen\/Attert (aujourd\u2019hui Musique de la commune de Helperknapp) dont il a \u00e9galement dirig\u00e9 la jeunesse musicale, remportant un prix lors d\u2019un concours \u00e0 Lorentzweiler. Membre actif de la Music-Band des Escher Majoretten, Luigi a \u00e9galement contribu\u00e9 \u00e0 plusieurs autres ensembles musicaux dans le pays. Passionn\u00e9 de jazz, il trouve dans ce genre une source in\u00e9puisable d\u2019inspiration et d\u2019expression.<\/p>\n<p>Sur le plan personnel, Luigi est un chef de famille exemplaire, p\u00e8re de six enfants musiciens, perp\u00e9tuant ainsi la tradition familiale.<\/p>\n<p>Depuis 2015, il est le directeur musical de la Biergaarbechter-Musek, o\u00f9 il continue d\u2019inspirer et de former les jeunes talents. Luigi Ascani est un musicien accompli, dont la vie est d\u00e9di\u00e9e \u00e0 la c\u00e9l\u00e9bration et \u00e0 la transmission de la culture musicale.<\/p>\n<p>[\/et_pb_text][\/et_pb_column][\/et_pb_row][\/et_pb_section]<\/p>\n","protected":false},"excerpt":{"rendered":"<p>Directeur musicalLuigi Ascani, chef d\u2019orchestre luxembourgeois, est n\u00e9 en 1961 \u00e0 Esch, dans une famille o\u00f9 la musique \u00e9tait une seconde nature. Son p\u00e8re, un chanteur d\u2019op\u00e9ra r\u00e9put\u00e9, et sa m\u00e8re, une mandoliniste talentueuse, ont inculqu\u00e9 \u00e0 Luigi un amour profond pour la musique d\u00e8s son plus jeune \u00e2ge. Sa formation musicale s\u2019est d\u00e9roul\u00e9e au [&hellip;]<\/p>\n","protected":false},"author":1,"featured_media":0,"parent":0,"menu_order":0,"comment_status":"closed","ping_status":"closed","template":"","meta":{"_et_pb_use_builder":"on","_et_pb_old_content":"","_et_gb_content_width":"","footnotes":""},"class_list":["post-61","page","type-page","status-publish","hentry"],"_links":{"self":[{"href":"https:\/\/bame.innovity.lu\/index.php?rest_route=\/wp\/v2\/pages\/61","targetHints":{"allow":["GET"]}}],"collection":[{"href":"https:\/\/bame.innovity.lu\/index.php?rest_route=\/wp\/v2\/pages"}],"about":[{"href":"https:\/\/bame.innovity.lu\/index.php?rest_route=\/wp\/v2\/types\/page"}],"author":[{"embeddable":true,"href":"https:\/\/bame.innovity.lu\/index.php?rest_route=\/wp\/v2\/users\/1"}],"replies":[{"embeddable":true,"href":"https:\/\/bame.innovity.lu\/index.php?rest_route=%2Fwp%2Fv2%2Fcomments&post=61"}],"version-history":[{"count":4,"href":"https:\/\/bame.innovity.lu\/index.php?rest_route=\/wp\/v2\/pages\/61\/revisions"}],"predecessor-version":[{"id":66,"href":"https:\/\/bame.innovity.lu\/index.php?rest_route=\/wp\/v2\/pages\/61\/revisions\/66"}],"wp:attachment":[{"href":"https:\/\/bame.innovity.lu\/index.php?rest_route=%2Fwp%2Fv2%2Fmedia&parent=61"}],"curies":[{"name":"wp","href":"https:\/\/api.w.org\/{rel}","templated":true}]}}