{"id":50,"date":"2025-12-26T14:34:37","date_gmt":"2025-12-26T14:34:37","guid":{"rendered":"https:\/\/bame.innovity.lu\/?page_id=50"},"modified":"2025-12-26T14:35:56","modified_gmt":"2025-12-26T14:35:56","slug":"notre-histoire","status":"publish","type":"page","link":"https:\/\/bame.innovity.lu\/?page_id=50","title":{"rendered":"Notre histoire"},"content":{"rendered":"<p>[et_pb_section fb_built=\u00a0\u00bb1&Prime; _builder_version=\u00a0\u00bb4.27.5&Prime; _module_preset=\u00a0\u00bbdefault\u00a0\u00bb background_image=\u00a0\u00bbhttps:\/\/bame.innovity.lu\/wp-content\/uploads\/2025\/12\/header_BAME.png\u00a0\u00bb min_height=\u00a0\u00bb267.8px\u00a0\u00bb custom_padding=\u00a0\u00bb||0px|||\u00a0\u00bb global_colors_info=\u00a0\u00bb{}\u00a0\u00bb theme_builder_area=\u00a0\u00bbpost_content\u00a0\u00bb][et_pb_row _builder_version=\u00a0\u00bb4.27.3&Prime; _module_preset=\u00a0\u00bbdefault\u00a0\u00bb global_colors_info=\u00a0\u00bb{}\u00a0\u00bb theme_builder_area=\u00a0\u00bbpost_content\u00a0\u00bb][et_pb_column type=\u00a0\u00bb4_4&Prime; _builder_version=\u00a0\u00bb4.27.3&Prime; _module_preset=\u00a0\u00bbdefault\u00a0\u00bb global_colors_info=\u00a0\u00bb{}\u00a0\u00bb theme_builder_area=\u00a0\u00bbpost_content\u00a0\u00bb][et_pb_text _builder_version=\u00a0\u00bb4.27.5&Prime; _module_preset=\u00a0\u00bbdefault\u00a0\u00bb hover_enabled=\u00a0\u00bb0&Prime; global_colors_info=\u00a0\u00bb{}\u00a0\u00bb theme_builder_area=\u00a0\u00bbpost_content\u00a0\u00bb sticky_enabled=\u00a0\u00bb0&Prime;]<\/p>\n<p style=\"text-align: center; color: #ffffff; font-size: clamp(3rem, 10vw, 8rem); line-height: 1; margin: 0; font-family: 'Great Vibes', cursive;\">Notre histoire<\/p>\n<p>[\/et_pb_text][\/et_pb_column][\/et_pb_row][\/et_pb_section][et_pb_section fb_built=\u00a0\u00bb1&Prime; theme_builder_area=\u00a0\u00bbpost_content\u00a0\u00bb _builder_version=\u00a0\u00bb4.27.5&Prime; _module_preset=\u00a0\u00bbdefault\u00a0\u00bb custom_padding=\u00a0\u00bb0px|||||\u00a0\u00bb][et_pb_row _builder_version=\u00a0\u00bb4.27.5&Prime; _module_preset=\u00a0\u00bbdefault\u00a0\u00bb theme_builder_area=\u00a0\u00bbpost_content\u00a0\u00bb min_height=\u00a0\u00bb788.5px\u00a0\u00bb custom_margin=\u00a0\u00bb|auto|-92px|auto||\u00a0\u00bb][et_pb_column _builder_version=\u00a0\u00bb4.27.5&Prime; _module_preset=\u00a0\u00bbdefault\u00a0\u00bb type=\u00a0\u00bb4_4&Prime; theme_builder_area=\u00a0\u00bbpost_content\u00a0\u00bb][et_pb_text _builder_version=\u00a0\u00bb4.27.5&Prime; _module_preset=\u00a0\u00bbdefault\u00a0\u00bb theme_builder_area=\u00a0\u00bbpost_content\u00a0\u00bb hover_enabled=\u00a0\u00bb0&Prime; sticky_enabled=\u00a0\u00bb0&Prime;]<\/p>\n<p>L\u2019Harmonie des Mineurs, \u00e9galement connue sous le nom de \u00ab\u00a0Biergaarbeschter-Musek\u00a0\u00bb, a \u00e9t\u00e9 fond\u00e9e en 1920 par 12 id\u00e9alistes en tant qu\u2019orchestre d\u2019usine. Lors de la cr\u00e9ation du groupe le 8 avril 1920, 19 musiciens actifs \u00e9taient assis \u00e0 la table de l\u2019orchestre. Le but \u00e9tait d\u2019offrir aux travailleurs une activit\u00e9 de loisir significative, de leur donner l\u2019occasion de nouer des amiti\u00e9s et de participer \u00e0 la vie sociale et culturelle de la m\u00e9tropole du fer. L\u2019association reste fid\u00e8le \u00e0 cette orientation jusqu\u2019\u00e0 aujourd\u2019hui.<\/p>\n<p>La fanfare est un symbole du pass\u00e9 industriel de la ville d\u2019Esch. L\u2019Harmonie des Mineurs peut se targuer d\u2019une histoire pr\u00e9cieuse marqu\u00e9e par l\u2019abandon des activit\u00e9s mini\u00e8res, l\u2019extinction de la profession de mineur, les coutumes sociales de la ville industrielle et le d\u00e9veloppement moderne.<\/p>\n<p>Dans les ann\u00e9es 1930, la fanfare comptait parfois 40 musiciens et 20 \u00e9l\u00e8ves. Apr\u00e8s une interruption pendant la Seconde Guerre mondiale, la fanfare a repris ses activit\u00e9s \u00e0 la fin de la guerre. Les ann\u00e9es d\u2019apr\u00e8s-guerre ont \u00e9galement \u00e9t\u00e9 tr\u00e8s positives. Sur la sc\u00e8ne internationale, la formation musicale a attir\u00e9 l\u2019attention et a remport\u00e9 de nombreux prix de l\u2019UGDA.<\/p>\n<p>Le 21 novembre 1970, la \u00ab\u00a0Biergaarbeschter-Musek\u00a0\u00bb a c\u00e9l\u00e9br\u00e9 son 50e anniversaire avec un concert \u00e0 la \u00ab\u00a0Maison du peuple\u00a0\u00bb et une grande f\u00eate de la Sainte-Barbe le 4 d\u00e9cembre 1970.<\/p>\n<p>En 2013, la musique \u00e9tait sur le point de dispara\u00eetre. Gr\u00e2ce \u00e0 l\u2019engagement infatigable de Jean Hansen, qui avait repris les r\u00eanes de l\u2019association \u00e0 cette \u00e9poque, en collaboration avec le pr\u00e9sident d\u2019honneur Robert Mayer, qui avait lui-m\u00eame pr\u00e9sid\u00e9 l\u2019association pendant 50 ans, l\u2019orchestre a \u00e9t\u00e9 sauv\u00e9. Sous la pr\u00e9sidence de Jean Hansen, l\u2019association a \u00e9t\u00e9 modernis\u00e9e sur le plan structurel gr\u00e2ce \u00e0 de nouveaux statuts permettant un fonctionnement moderne. Un changement d\u2019image a \u00e9t\u00e9 recherch\u00e9 pour d\u00e9poussi\u00e9rer l\u2019Harmonie des Mineurs.<\/p>\n<p>Apr\u00e8s que Jean Steichen a dirig\u00e9 la musique en tant que chef d\u2019orchestre int\u00e9rimaire, Luigi Ascani a rejoint le groupe en 2015 avec des id\u00e9es innovantes en tant que chef d\u2019orchestre.<\/p>\n<p>Dans le m\u00eame esprit d\u2019une association moderne et innovante, et avec la volont\u00e9 de faire progresser la modernisation structurelle, la native d\u2019Esch-sur-Alzette, Christiane Wagner, a \u00e9t\u00e9 pr\u00e9sidente pendant plusieurs ann\u00e9es. En tant qu\u2019experte en communication et personne engag\u00e9e socialement et dans la vie associative d\u2019Esch, elle a assum\u00e9 cette fonction de mani\u00e8re tr\u00e8s fructueuse et a mis en place un conseil d\u2019administration dynamique.<\/p>\n<p>Les c\u00e9l\u00e9brations du centenaire de l\u2019association n\u2019ont pas pu avoir lieu comme pr\u00e9vu en raison de la pand\u00e9mie de COVID-19 et ont donc \u00e9t\u00e9 report\u00e9es \u00e0 janvier 2022. En 2022, l\u2019Harmonie des Mineurs a \u00e9t\u00e9 r\u00e9compens\u00e9e par le Prix de m\u00e9rite culturel de la ville d\u2019Esch-sur-Alzette.<\/p>\n<p>Diana Ascani a repris les r\u00eanes en 2022. Diana Ascani poursuit le travail fructueux de Christiane Wagner pour faire progresser l\u2019Harmonie des Mineurs et consolider sa place au sein de la communaut\u00e9 et de la vie culturelle de la ville d\u2019Esch-sur-Alzette.<\/p>\n<p>[\/et_pb_text][\/et_pb_column][\/et_pb_row][\/et_pb_section]<\/p>\n","protected":false},"excerpt":{"rendered":"<p>Notre histoireL\u2019Harmonie des Mineurs, \u00e9galement connue sous le nom de \u00ab\u00a0Biergaarbeschter-Musek\u00a0\u00bb, a \u00e9t\u00e9 fond\u00e9e en 1920 par 12 id\u00e9alistes en tant qu\u2019orchestre d\u2019usine. Lors de la cr\u00e9ation du groupe le 8 avril 1920, 19 musiciens actifs \u00e9taient assis \u00e0 la table de l\u2019orchestre. Le but \u00e9tait d\u2019offrir aux travailleurs une activit\u00e9 de loisir significative, de [&hellip;]<\/p>\n","protected":false},"author":1,"featured_media":0,"parent":0,"menu_order":0,"comment_status":"closed","ping_status":"closed","template":"","meta":{"_et_pb_use_builder":"on","_et_pb_old_content":"","_et_gb_content_width":"","footnotes":""},"class_list":["post-50","page","type-page","status-publish","hentry"],"_links":{"self":[{"href":"https:\/\/bame.innovity.lu\/index.php?rest_route=\/wp\/v2\/pages\/50","targetHints":{"allow":["GET"]}}],"collection":[{"href":"https:\/\/bame.innovity.lu\/index.php?rest_route=\/wp\/v2\/pages"}],"about":[{"href":"https:\/\/bame.innovity.lu\/index.php?rest_route=\/wp\/v2\/types\/page"}],"author":[{"embeddable":true,"href":"https:\/\/bame.innovity.lu\/index.php?rest_route=\/wp\/v2\/users\/1"}],"replies":[{"embeddable":true,"href":"https:\/\/bame.innovity.lu\/index.php?rest_route=%2Fwp%2Fv2%2Fcomments&post=50"}],"version-history":[{"count":4,"href":"https:\/\/bame.innovity.lu\/index.php?rest_route=\/wp\/v2\/pages\/50\/revisions"}],"predecessor-version":[{"id":54,"href":"https:\/\/bame.innovity.lu\/index.php?rest_route=\/wp\/v2\/pages\/50\/revisions\/54"}],"wp:attachment":[{"href":"https:\/\/bame.innovity.lu\/index.php?rest_route=%2Fwp%2Fv2%2Fmedia&parent=50"}],"curies":[{"name":"wp","href":"https:\/\/api.w.org\/{rel}","templated":true}]}}